ainder when 38829 is divided by 1382.
133
What is the remainder when 294352 is divided by 459?
133
Calculate the remainder when 28227 is divided by 4032.
3
What is the remainder when 78490 is divided by 776?
114
What is the remainder when 716114 is divided by 144?
2
Calculate the remainder when 666215 is divided by 41547.
1463
What is the remainder when 1417366 is divided by 708555?
256
Calculate the remainder when 562414 is divided by 187336.
406
Calculate the remainder when 27318616 is divided by 34.
24
Calculate the remainder when 90095 is divided by 9989.
194
What is the remainder when 44318887 is divided by 51?
40
Calculate the remainder when 3184356 is divided by 47.
12
What is the remainder when 1621807 is divided by 159?
7
Calculate the remainder when 2439234 is divided by 304903.
10
Calculate the remainder when 3845198 is divided by 47.
34
What is the remainder when 54343 is divided by 3359?
599
What is the remainder when 75171 is divided by 4420?
31
Calculate the remainder when 81309599 is divided by 7363.
7353
Calculate the remainder when 118984 is divided by 59460.
64
Calculate the remainder when 1397011 is divided by 125.
11
What is the remainder when 550386 is divided by 7547?
7002
Calculate the remainder when 25335271 is divided by 4222543.
13
Calculate the remainder when 43540 is divided by 41494.
2046
Calculate the remainder when 197292 is divided by 4457.
1184
What is the remainder when 8877719 is divided by 807064?
15
Calculate the remainder when 150022 is divided by 1650.
1522
Calculate the remainder when 14585 is divided by 2656.
1305
Calculate the remainder when 17503044 is divided by 9380.
9344
Calculate the remainder when 132227 is divided by 4729.
4544
Calculate the remainder when 2174586 is divided by 746.
742
Calculate the remainder when 58481906 is divided by 4450.
6
Calculate the remainder when 11579217 is divided by 20.
17
Calculate the remainder when 1140298 is divided by 1312.
170
Calculate the remainder when 1081157 is divided by 65.
12
What is the remainder when 711577 is divided by 326?
245
What is the remainder when 25071795 is divided by 9061?
8
Calculate the remainder when 7771524 is divided by 26.
20
Calculate the remainder when 106104529 is divided by 106104528.
1
What is the remainder when 19584293 is divided by 2797756?
1
What is the remainder when 24918643 is divided by 1852?
1835
Calculate the remainder when 1234497 is divided by 5823.
21
What is the remainder when 10422861 is divided by 1049?
1046
What is the remainder when 12346519 is divided by 834?
817
Calculate the remainder when 71542163 is divided by 21048.
11
What is the remainder when 11628686 is divided by 2117?
5
What is the remainder when 267001 is divided by 244?
65
Calculate the remainder when 8302865 is divided by 348.
281
What is the remainder when 67825 is divided by 1408?
241
Calculate the remainder when 1575663 is divided by 11847.
12
What is the remainder when 9216901 is divided by 245?
1
Calculate the remainder when 15238133 is divided by 5079363.
44
Calculate the remainder when 26340543 is divided by 83.
78
What is the remainder when 3604360 is divided by 9?
4
What is the remainder when 35952899 is divided by 1110?
1109
What is the remainder when 2516438 is divided by 8388?
38
What is the remainder when 5650 is divided by 1235?
710
What is the remainder when 521566 is divided by 62?
22
What is the remainder when 1261701 is divided by 157705?
61
Calculate the remainder when 139984 is divided by 1532.
572
What is the remainder when 1226163 is divided by 408714?
21
What is the remainder when 723556 is divided by 72?
28
Calculate the remainder when 238385 is divided by 695.
0
What is the remainder when 19079267 is divided by 1409?
1407
What is the remainder when 3798605 is divided by 474807?
149
Calculate the remainder when 1246436 is divided by 138492.
8
Calculate the remainder when 16724733 is divided by 408.
405
Calculate the remainder when 22402378 is divided by 91.
89
What is the remainder when 84524780 is divided by 11?
10
What is the remainder when 172289 is divided by 171686?
603
Calculate the remainder when 7036800 is divided by 3518385.
30
Calculate the remainder when 13702 is divided by 2774.
2606
What is the remainder when 193945187 is divided by 502?
499
Calculate the remainder when 7026233 is divided by 10272.
185
Calculate the remainder when 180126 is divided by 22508.
62
What is the remainder when 381412 is divided by 9664?
4516
What is the remainder when 1209464 is divided by 241872?
104
Calculate the remainder when 307419 is divided by 4392.
4371
Calculate the remainder when 546183 is divided by 13311.
432
Calculate the remainder when 16025785 is divided by 2586.
343
What is the remainder when 102800480 is divided by 2656?
0
Calculate the remainder when 7997964 is divided by 544.
76
What is the remainder when 64943020 is divided by 157247?
9
What is the remainder when 217952 is divided by 31136?
0
Calculate the remainder when 22012478 is divided by 3170.
3168
What is the remainder when 731924 is divided by 306?
278
What is the remainder when 1305533 is divided by 1333?
526
What is the remainder when 7556864 is divided by 78?
68
Calculate the remainder when 282481 is divided by 1653.
1471
What is the remainder when 895103 is divided by 1011?
368
Calculate the remainder when 165597989 is divided by 15.
14
Calculate the remainder when 998551 is divided by 3528.
127
Calculate the remainder when 120775 is divided by 60330.
115
What is the remainder when 1805679 is divided by 64486?
71
Calculate the remainder when 13405792 is divided by 27303.
19
Calculate the remainder when 16927938 is divided by 407.
401
What is the remainder when 10103834 is divided by 122?
38
Calculate the remainder when 3553978 is divided by 62.
14
Calculate the remainder when 182849 is divided by 60935.
44
Calculate the remainder when 83556 is divided by 83374.
182
Calculate the remainder when 428895 is divided by 2211.
2172
Calculate the remainder when 42802 is divided by 42431.
371
What is the remainder when 31080663 is divided by 1435?
1433
What is the remainder when 1705842 is divided by 34813?
5
What is the remainder when 29916 is divided by 549?
270
What is the remainder when 2142668 is divided by 2246?
2230
What is the remainder when 23193143 is divided by 453?
449
What is the remainder when 7401524 is divided by 175?
74
Calculate the remainder when 885863 is divided by 137.
21
Calculate the remainder when 1734054 is divided by 216744.
102
Calculate the remainder when 4546851454 is divided by 13776.
13774
What is the remainder when 85705 is divided by 1858?
237
Calculate the remainder when 466728 is divided by 116680.
8
What is the remainder when 1974408 is divided by 219367?
105
What is the remainder when 85555105 is divided by 363?
361
What is the remainder when 8698498 is divided by 395386?
6
Calculate the remainder when 69921 is divided by 8730.
81
Calculate the remainder when 73185 is divided by 2158.
1971
What is the remainder when 259979 is divided by 7176?
1643
Calculate the remainder when 18306211 is divided by 6102043.
82
Calculate the remainder when 4426560 is divided by 17.
15
What is the remainder when 635680 is divided by 243?
235
What is the remainder when 389769 is divided by 1629?
438
What is the remainder when 520718 is divided by 260325?
68
Calculate the remainder when 4116289 is divided by 128634.
1
Calculate the remainder when 14016176 is divided by 7008055.
66
Calculate the remainder when 4545693 is divided by 127.
109
What is the remainder when 23335447 is divided by 905?
22
Calculate the remainder when 132152 is divided by 44042.
26
Calculate the remainder when 484836 is divided by 582.
30
What is the remainder when 397457349 is divided by 152?
149
What is the remainder when 833646 is divided by 833634?
12
What is the remainder when 426256789 is divided by 2392?
2389
Calculate the remainder when 5886237 is divided by 840889.
14
Calculate the remainder when 181500 is divided by 858.
462
What is the remainder when 251275 is divided by 1810?
1495
What is the remainder when 397697 is divided by 132?
113
What is the remainder when 18824194 is divided by 2863?
2832
What is the remainder when 295803 is divided by 888?
9